s the units digit of u?
9
Suppose 249 + 270 = 3*c. What is the hundreds digit of c?
1
Let d(u) = 4*u**3 - 2*u**2 - u + 2. Let j be d(2). Suppose 3*r = -r + j. What is the units digit of r/((-2)/((-12)/9))?
4
Let n(g) = g**2 + g + 165. What is the units digit of n(0)?
5
Let c be 50/3*48/20. Suppose -5*g + c = -0*g. What is the units digit of g?
8
Suppose 2*r + 46 - 438 = 0. What is the tens digit of r?
9
Suppose -26 = 4*r - 94. What is the units digit of r?
7
Let s(d) = -3*d - 9. Let f(y) = 5*y - 1. Let g be f(-1). What is the units digit of s(g)?
9
Let q(w) = -w**3 - 3*w**2 + 4. Let h(p) = p**2 + 3*p - 4. Let z be h(-3). Let i be q(z). Suppose -5*j + i = -j. What is the units digit of j?
5
Let o(t) = -4*t - 2. What is the tens digit of o(-7)?
2
Suppose -2*x - 2*x = 4*p - 1276, 942 = 3*p - 2*x. What is the units digit of p?
6
Let a(r) = -r**2 + 5*r + 8. Let p be a(6). Let j(y) = -y**2 - 4*y**2 + 5*y + 4*y**2 + p - 4*y. What is the units digit of j(0)?
2
Let w(f) = 5*f - 2. Let o(i) = 3*i + 3*i - 4*i - 1. Let b(h) = 11*o(h) - 4*w(h). What is the units digit of b(4)?
5
Let z be 96/9 - (-2)/(-3). Let k be 2/(-5) - (-194)/z. Suppose -3*s + 5*y = k, -5*s + 2*y = -0*y. What is the units digit of s?
2
Let g be 2 + 0/(-2) + -4. Let x(v) = v**2 + v. Let o be x(g). Suppose -18 = -2*k - o. What is the units digit of k?
8
Suppose 0 = -5*c - 509 + 2144. What is the tens digit of c?
2
What is the tens digit of ((-60)/(-21))/(2/35)?
5
Suppose 4*q = 4*m - 144, 0*q + q - 2*m + 32 = 0. Let g = q + 56. What is the tens digit of g?
1
Suppose -7 = -3*g + 8. Suppose 0*k = g*k - 100. What is the tens digit of k?
2
Let o = 96 + -61. What is the units digit of o?
5
Let f = 3 - -12. What is the units digit of (-3 + 5)*f/2?
5
Let b(w) = w - 1. Let s be b(9). Suppose 3*k = s + 1, 32 = 5*m - k. What is the units digit of m?
7
Let v(c) = 2*c**3 - 4*c**2 + 2*c + 4. What is the tens digit of v(3)?
2
Let g(q) = -q**2 + 4*q + 5. Let w(x) be the second derivative of -x**3/6 - x**2/2 + 3*x. Let f be w(-5). What is the units digit of g(f)?
5
Let z(q) = q**3 - q + 45. What is the tens digit of z(0)?
4
Suppose s - 3*k = -4 - 2, 2*s - 2*k + 8 = 0. Let f = -1 - s. Let i = f - -10. What is the tens digit of i?
1
Let x = 1 + 3. Suppose -q + x = -0. Suppose -22 = -5*v - 2*o, 5*v - q*o = -2*o + 18. What is the units digit of v?
4
Let r be (-4 - -4)/((-2)/(-2)). Suppose j + 4*j - 30 = r. Suppose 0 = 5*b - t - 20, -3*b + 0*b - j = 3*t. What is the units digit of b?
3
Suppose 4*f - k - 62 = 57, f = 2*k + 35. Let x = -21 + f. What is the units digit of x?
8
Suppose 2*o = 3*o + u + 8, 0 = -3*u + 15. Let m = 18 + o. What is the units digit of m?
5
Let d = 3 + -1. Suppose 5*f + d*k - 55 = 0, -k = 5*f - 2*k - 55. What is the tens digit of f?
1
Suppose 0 = 5*n - 5*l + 30, -3*n + 4*l = 10 + 5. Let m = -7 - n. What is the units digit of m?
2
Suppose -5*s + 3 = -2. Suppose w + s - 3 = 0, -3*d - 162 = -3*w. Let l = -37 - d. What is the tens digit of l?
1
Let w be 6*-1*70/(-15). Suppose -4*c + w = 4*k, -3*k = -2*c - 0 - 6. What is the units digit of c?
3
Suppose 70 = 2*x + 3*x. Suppose -x = -2*n + 4*j, -7*n - 5*j = -2*n - 35. What is the units digit of n?
7
Let o(c) = 3*c**2 - 2*c + 2. What is the units digit of o(2)?
0
Let n(j) = 2*j**2 - 7*j + 38. What is the units digit of n(12)?
2
Suppose 7 = 2*y + 3. Suppose 4 = y*d - 16. What is the units digit of d?
0
Let o be 6/27 + 48/27. What is the units digit of -1*o/2*-12?
2
Let x(i) be the second derivative of i**4/12 - i**3 + 17*i**2/2 - 10*i. What is the units digit of x(7)?
4
Let y(f) = -2*f - 3. Let z be y(-2). Let w(o) = o**3 + 4*o**2 + 5. Let u be w(-4). What is the units digit of (u - -1)*z/3?
2
Suppose -3*a = -m + 37, -a = -0*a + 2*m + 3. Let k(x) = -x - 10. What is the units digit of k(a)?
1
Let h = -2 + 14. Suppose -3*n - 6 = 0, -2*w - 2*w = -2*n - h. Suppose 0 = -5*r, 3*f = w*f - 5*r + 9. What is the units digit of f?
9
Suppose 16 = 5*j - 9. Suppose j = -3*t + 4*t. Suppose -5*v + v - 4*n = -40, t*n + 22 = 3*v. What is the units digit of v?
9
Let k be (-2)/2*(2 - 1). Let u be (-6)/2 + 3 - -7. Let p = u + k. What is the units digit of p?
6
Let c(q) = 2*q**2 + 5*q - 4. Suppose 0 = l - x + 5, 2*x = l - 3*l - 6. What is the units digit of c(l)?
8
Let w(v) = v**3 - 10*v**2 + 9*v + 13. Let a = -15 - -25. Let d = 19 - a. What is the units digit of w(d)?
3
Let b be 1/(-2) + (-246)/(-12) + 4. Let z(t) = 3*t**2 + t - 2. Let c be z(-2). Suppose 0 = 2*y - b - c. What is the tens digit of y?
1
Let n be 6/8 - 2/(-8). Let z be n/(-4) + (-63)/(-12). Suppose 3*a + 5 = z*u, u = 3*a + 1 - 12. What is the units digit of u?
4
What is the hundreds digit of (-420)/8*(3/(-9) - 3)?
1
Suppose 5*r + h - 925 = 6*h, 0 = -2*r + 5*h + 376. What is the tens digit of r?
8
Suppose 2*q = -c + 26, -2*q + 4*c + 16 = -0*q. What is the units digit of q?
2
Let i(l) = 2*l**2 - 3*l + 5. What is the units digit of i(5)?
0
Let y = 174 + 143. What is the units digit of y?
7
Let t(f) = -f - 7. Let a(s) = -6. Let o(l) = 4*a(l) - 3*t(l). Let j(u) = -10*u + 9. Let d(n) = 6*j(n) + 21*o(n). What is the units digit of d(7)?
2
Suppose -5*d + 20 = -n, 0 = 3*d + 3*n - 20 + 8. Let q = d + 2. What is the units digit of (-4)/q - 10/(-6)?
1
Suppose 0 = -2*h - 2*h + 3*l + 807, 2*h - 5*l = 421. What is the units digit of h?
8
Suppose y - 3*r - 35 = 0, 2*y = 3*r + 3 + 58. What is the units digit of y?
6
Let u = 208 + -115. What is the tens digit of u?
9
Suppose 5*w + 1 - 6 = 0. Let b be (3/1)/(w/1). Let p = b + 2. What is the units digit of p?
5
Let y(c) = c**2 - c - 1. Let i be y(3). Let h be i/1*(3 - 2). Suppose -8 = -h*j + 4*j. What is the units digit of j?
8
Let b(y) = y**2 + 6*y + 1. Let i(q) = -q**2 - 2*q - 3. Let x be 1*(-6)/(-4)*-2. Let k be i(x). What is the units digit of b(k)?
1
Suppose -n + 247 = 2*w, -w = 2*n - 146 + 21. What is the tens digit of w?
2
Let j be -8 + 3/(-3)*-2. What is the units digit of (-2)/j + 104/12?
9
Let x(s) = -s**2 + s - 2*s + 9 + 7*s. What is the units digit of x(7)?
2
Let a = 21 + 22. What is the units digit of a?
3
What is the units digit of (1/3)/(-1)*-57?
9
Let x(m) = m**3 + 3*m**2 - 2*m - 4. Let h be x(-3). Suppose 26 + 4 = -5*s. What is the units digit of (s/(-2) - h) + 2?
3
What is the tens digit of 8 - (-4)/(8/6)?
1
What is the tens digit of (-36)/6*21/(-2)?
6
Let d(z) = -2*z**3 + 2*z**3 + 4 + z**3 - 4*z**2. Let q be d(4). Suppose -4*i + 36 = q*l, -4*i - 4 = -5*l + l. What is the units digit of l?
5
Let n = 0 + 5. Suppose d - n*h + 3 = -0*d, 3*h = -d + 5. What is the units digit of d?
2
Suppose -j - 4*j + 227 = 4*s, 0 = 4*s + 2*j - 242. What is the tens digit of s?
6
Let y(w) = -2*w**2 + 1 + 1 + w**2. Let x be y(0). Suppose 2*z = -4*b + 18, 0*z + 2*z = x*b - 18. What is the units digit of b?
6
Let g = 4 - 13. Let m be ((-12)/(-18))/((-2)/g). Suppose l + m - 6 = 0. What is the units digit of l?
3
Let y = -94 + 64. Let i be 0 - (7*y)/3. What is the units digit of ((-6)/4)/((-7)/i)?
5
Let l be 35/2*(-4)/5. Let m(h) = -h**3 - 6*h**2 - 6*h - 12. Let u be m(-5). What is the units digit of 2/4 + u/l?
1
Let q(m) = m**2 + 6*m - 1. Let w be q(-6). Let o = w + 2. What is the units digit of ((-7)/4)/(o/(-4))?
7
Suppose 0 = -3*q - 3*c - 6, -c = c. Let i(x) = 4*x**2 + 2*x - 1. What is the tens digit of i(q)?
1
Let u = 132 + 5. What is the units digit of u?
7
Let x = 112 - 51. Let f = x - 32. What is the tens digit of f?
2
Let s = -17 + 45. What is the units digit of s?
8
Suppose 5*y + 4*o + 35 = -20, -2*y = -3*o - 1. Let w = y + 12. What is the units digit of w?
5
What is the tens digit of 78 + 3/1 + -7?
7
Let g = -11 - -18. Let n(k) = 5*k + 1. Let j be n(-5). What is the units digit of (g/14)/((-2)/j)?
6
Suppose 481 - 68 = 3*f + 2*g, 0 = 5*f - g - 710. What is the tens digit of f?
4
Suppose -6*m = -5*f - 2*m + 10, 2*f = -m + 4. What is the tens digit of 98/2*(f - 1)?
4
Let i be 1/(-2)*(-48)/4. Let n be ((-4)/(-2) - 3) + 3. Suppose 3*p = n*p + i. What is the units digit of p?
6
Let p(r) = 2*r - 18. Let g(u) = 2 + 17 + 3 - 2*u - 3. Let n(i) = 5*g(i) + 6*p(i). What is the units digit of n(12)?
1
Let l(k) = -k**2 - 3. Let o be l(0). Let u(j) be the third derivative of -j**4/24 + j**3/2 + 4*j**2. What is the units digit of u(o)?
6
Suppose -5*n - 4*b + 137 = 0, -3*b - 2*b = 3